{"id":16,"date":"2017-11-23T16:10:02","date_gmt":"2017-11-23T14:10:02","guid":{"rendered":"http:\/\/ccoc.upg-ploiesti.ro\/?page_id=16"},"modified":"2022-06-02T11:27:56","modified_gmt":"2022-06-02T08:27:56","slug":"bun-venit","status":"publish","type":"page","link":"http:\/\/ccoc.upg-ploiesti.ro\/","title":{"rendered":"Bun venit"},"content":{"rendered":"\n<p>Bine a\u021bi venit pe site-ul web al Centrului de Consiliere \u0219i Orientare \u00een Carier\u0103 al Universit\u0103\u021bii Petrol-Gaze din Ploie\u0219ti.<\/p>\n\n\n\n<p>Procesul de consiliere \u00een carier\u0103 se adreseaz\u0103 persoanelor care au nevoie de claritate cu privire la traseul lor educa\u021bional sau profesional; aspect care le va ajut\u0103 s\u0103 ia deciziile cele mai potrivite \u0219i avantajoase pe termen lung.<\/p>\n\n\n\n<p>Persoanele care apeleaz\u0103 la acest tip de servicii fac parte din urm\u0103toarele categorii: elevi, studen\u021bi, masteranzi sau persoane cu experien\u021b\u0103 profesional\u0103.<\/p>\n\n\n\n<p>Consilierea \u00een carier\u0103 implic\u0103 un proces \u00een cadrul c\u0103ruia sunt setate obiectivele \u00een plan educa\u021bional sau profesional \u0219i de asemenea, sunt identificate strategiile necesare atingerii acestora.<\/p>\n\n\n\n<p>Implicit, \u00een cadrul acestui proces este facilitat\u0103 autocunoa\u0219terea din perspectiva educa\u021bional\u0103, respectiv profesional\u0103; vor fi identificate at\u00e2t atuurile, c\u00e2t \u0219i aspectele care necesit\u0103 a fi \u00eembun\u0103t\u0103\u021bite.<\/p>\n\n\n\n<p>Scopul acestui site este s\u0103 ofere studen\u021bilor de la toate nivelele de studii din cadrul UPG, dar \u0219i cadrelor didactice, o gam\u0103 de resurse care pot fi utilizate pentru autocunoa\u0219tere \u0219i scoaterea \u00een eviden\u021b\u0103 a atuurilor proprii \u00een domeniul profesional.<\/p>\n\n\n\n<p>Evident, sunt binevenite aici toate persoanele interesate de subiectul consilierii \u0219i orient\u0103rii profesionale.<\/p>\n","protected":false},"excerpt":{"rendered":"<p>Bine a\u021bi venit pe site-ul web al Centrului de Consiliere \u0219i Orientare \u00een Carier\u0103 al Universit\u0103\u021bii Petrol-Gaze din Ploie\u0219ti. Procesul de consiliere \u00een carier\u0103 se adreseaz\u0103 persoanelor care au nevoie de claritate cu privire la traseul lor educa\u021bional sau profesional; aspect care le va ajut\u0103 s\u0103 ia deciziile cele mai potrivite \u0219i avantajoase pe termen&#8230;<\/p>\n","protected":false},"author":1,"featured_media":225,"parent":0,"menu_order":0,"comment_status":"closed","ping_status":"closed","template":"","meta":{"_kad_post_transparent":"","_kad_post_title":"","_kad_post_layout":"","_kad_post_sidebar_id":"","_kad_post_content_style":"","_kad_post_vertical_padding":"","_kad_post_feature":"default","_kad_post_feature_position":"above","_kad_post_header":false,"_kad_post_footer":false,"footnotes":""},"class_list":["post-16","page","type-page","status-publish","has-post-thumbnail","hentry"],"yoast_head":"<!-- This site is optimized with the Yoast SEO plugin v24.5 - https:\/\/yoast.com\/wordpress\/plugins\/seo\/ -->\n<title>Bun venit - Centrul de Consiliere \u0219i Orientare \u00een Carier\u0103<\/title>\n<meta name=\"robots\" content=\"index, follow, max-snippet:-1, max-image-preview:large, max-video-preview:-1\" \/>\n<link rel=\"canonical\" href=\"http:\/\/ccoc.upg-ploiesti.ro\/\" \/>\n<meta property=\"og:locale\" content=\"en_US\" \/>\n<meta property=\"og:type\" content=\"article\" \/>\n<meta property=\"og:title\" content=\"Bun venit - Centrul de Consiliere \u0219i Orientare \u00een Carier\u0103\" \/>\n<meta property=\"og:description\" content=\"Bine a\u021bi venit pe site-ul web al Centrului de Consiliere \u0219i Orientare \u00een Carier\u0103 al Universit\u0103\u021bii Petrol-Gaze din Ploie\u0219ti. Procesul de consiliere \u00een carier\u0103 se adreseaz\u0103 persoanelor care au nevoie de claritate cu privire la traseul lor educa\u021bional sau profesional; aspect care le va ajut\u0103 s\u0103 ia deciziile cele mai potrivite \u0219i avantajoase pe termen...\" \/>\n<meta property=\"og:url\" content=\"http:\/\/ccoc.upg-ploiesti.ro\/\" \/>\n<meta property=\"og:site_name\" content=\"Centrul de Consiliere \u0219i Orientare \u00een Carier\u0103\" \/>\n<meta property=\"article:modified_time\" content=\"2022-06-02T08:27:56+00:00\" \/>\n<meta property=\"og:image\" content=\"http:\/\/ccoc.upg-ploiesti.ro\/wp-content\/uploads\/2022\/06\/notebook-writing-nature-creative-plant-white-639037-pxhere.com_-scaled.jpg\" \/>\n\t<meta property=\"og:image:width\" content=\"2560\" \/>\n\t<meta property=\"og:image:height\" content=\"1710\" \/>\n\t<meta property=\"og:image:type\" content=\"image\/jpeg\" \/>\n<meta name=\"twitter:card\" content=\"summary_large_image\" \/>\n<meta name=\"twitter:label1\" content=\"Est. reading time\" \/>\n\t<meta name=\"twitter:data1\" content=\"1 minute\" \/>\n<script type=\"application\/ld+json\" class=\"yoast-schema-graph\">{\"@context\":\"https:\/\/schema.org\",\"@graph\":[{\"@type\":\"WebPage\",\"@id\":\"http:\/\/ccoc.upg-ploiesti.ro\/\",\"url\":\"http:\/\/ccoc.upg-ploiesti.ro\/\",\"name\":\"Bun venit - Centrul de Consiliere \u0219i Orientare \u00een Carier\u0103\",\"isPartOf\":{\"@id\":\"http:\/\/ccoc.upg-ploiesti.ro\/#website\"},\"primaryImageOfPage\":{\"@id\":\"http:\/\/ccoc.upg-ploiesti.ro\/#primaryimage\"},\"image\":{\"@id\":\"http:\/\/ccoc.upg-ploiesti.ro\/#primaryimage\"},\"thumbnailUrl\":\"http:\/\/ccoc.upg-ploiesti.ro\/wp-content\/uploads\/2022\/06\/notebook-writing-nature-creative-plant-white-639037-pxhere.com_-scaled.jpg\",\"datePublished\":\"2017-11-23T14:10:02+00:00\",\"dateModified\":\"2022-06-02T08:27:56+00:00\",\"breadcrumb\":{\"@id\":\"http:\/\/ccoc.upg-ploiesti.ro\/#breadcrumb\"},\"inLanguage\":\"en-US\",\"potentialAction\":[{\"@type\":\"ReadAction\",\"target\":[\"http:\/\/ccoc.upg-ploiesti.ro\/\"]}]},{\"@type\":\"ImageObject\",\"inLanguage\":\"en-US\",\"@id\":\"http:\/\/ccoc.upg-ploiesti.ro\/#primaryimage\",\"url\":\"http:\/\/ccoc.upg-ploiesti.ro\/wp-content\/uploads\/2022\/06\/notebook-writing-nature-creative-plant-white-639037-pxhere.com_-scaled.jpg\",\"contentUrl\":\"http:\/\/ccoc.upg-ploiesti.ro\/wp-content\/uploads\/2022\/06\/notebook-writing-nature-creative-plant-white-639037-pxhere.com_-scaled.jpg\",\"width\":2560,\"height\":1710},{\"@type\":\"BreadcrumbList\",\"@id\":\"http:\/\/ccoc.upg-ploiesti.ro\/#breadcrumb\",\"itemListElement\":[{\"@type\":\"ListItem\",\"position\":1,\"name\":\"Home\",\"item\":\"http:\/\/ccoc.upg-ploiesti.ro\/\"},{\"@type\":\"ListItem\",\"position\":2,\"name\":\"Bun venit\"}]},{\"@type\":\"WebSite\",\"@id\":\"http:\/\/ccoc.upg-ploiesti.ro\/#website\",\"url\":\"http:\/\/ccoc.upg-ploiesti.ro\/\",\"name\":\"Centrul de Consiliere \u0219i Orientare \u00een Carier\u0103\",\"description\":\"Universitatea Petrol-Gaze din Ploie\u0219ti\",\"potentialAction\":[{\"@type\":\"SearchAction\",\"target\":{\"@type\":\"EntryPoint\",\"urlTemplate\":\"http:\/\/ccoc.upg-ploiesti.ro\/?s={search_term_string}\"},\"query-input\":{\"@type\":\"PropertyValueSpecification\",\"valueRequired\":true,\"valueName\":\"search_term_string\"}}],\"inLanguage\":\"en-US\"}]}<\/script>\n<!-- \/ Yoast SEO plugin. -->","yoast_head_json":{"title":"Bun venit - Centrul de Consiliere \u0219i Orientare \u00een Carier\u0103","robots":{"index":"index","follow":"follow","max-snippet":"max-snippet:-1","max-image-preview":"max-image-preview:large","max-video-preview":"max-video-preview:-1"},"canonical":"http:\/\/ccoc.upg-ploiesti.ro\/","og_locale":"en_US","og_type":"article","og_title":"Bun venit - Centrul de Consiliere \u0219i Orientare \u00een Carier\u0103","og_description":"Bine a\u021bi venit pe site-ul web al Centrului de Consiliere \u0219i Orientare \u00een Carier\u0103 al Universit\u0103\u021bii Petrol-Gaze din Ploie\u0219ti. Procesul de consiliere \u00een carier\u0103 se adreseaz\u0103 persoanelor care au nevoie de claritate cu privire la traseul lor educa\u021bional sau profesional; aspect care le va ajut\u0103 s\u0103 ia deciziile cele mai potrivite \u0219i avantajoase pe termen...","og_url":"http:\/\/ccoc.upg-ploiesti.ro\/","og_site_name":"Centrul de Consiliere \u0219i Orientare \u00een Carier\u0103","article_modified_time":"2022-06-02T08:27:56+00:00","og_image":[{"width":2560,"height":1710,"url":"http:\/\/ccoc.upg-ploiesti.ro\/wp-content\/uploads\/2022\/06\/notebook-writing-nature-creative-plant-white-639037-pxhere.com_-scaled.jpg","type":"image\/jpeg"}],"twitter_card":"summary_large_image","twitter_misc":{"Est. reading time":"1 minute"},"schema":{"@context":"https:\/\/schema.org","@graph":[{"@type":"WebPage","@id":"http:\/\/ccoc.upg-ploiesti.ro\/","url":"http:\/\/ccoc.upg-ploiesti.ro\/","name":"Bun venit - Centrul de Consiliere \u0219i Orientare \u00een Carier\u0103","isPartOf":{"@id":"http:\/\/ccoc.upg-ploiesti.ro\/#website"},"primaryImageOfPage":{"@id":"http:\/\/ccoc.upg-ploiesti.ro\/#primaryimage"},"image":{"@id":"http:\/\/ccoc.upg-ploiesti.ro\/#primaryimage"},"thumbnailUrl":"http:\/\/ccoc.upg-ploiesti.ro\/wp-content\/uploads\/2022\/06\/notebook-writing-nature-creative-plant-white-639037-pxhere.com_-scaled.jpg","datePublished":"2017-11-23T14:10:02+00:00","dateModified":"2022-06-02T08:27:56+00:00","breadcrumb":{"@id":"http:\/\/ccoc.upg-ploiesti.ro\/#breadcrumb"},"inLanguage":"en-US","potentialAction":[{"@type":"ReadAction","target":["http:\/\/ccoc.upg-ploiesti.ro\/"]}]},{"@type":"ImageObject","inLanguage":"en-US","@id":"http:\/\/ccoc.upg-ploiesti.ro\/#primaryimage","url":"http:\/\/ccoc.upg-ploiesti.ro\/wp-content\/uploads\/2022\/06\/notebook-writing-nature-creative-plant-white-639037-pxhere.com_-scaled.jpg","contentUrl":"http:\/\/ccoc.upg-ploiesti.ro\/wp-content\/uploads\/2022\/06\/notebook-writing-nature-creative-plant-white-639037-pxhere.com_-scaled.jpg","width":2560,"height":1710},{"@type":"BreadcrumbList","@id":"http:\/\/ccoc.upg-ploiesti.ro\/#breadcrumb","itemListElement":[{"@type":"ListItem","position":1,"name":"Home","item":"http:\/\/ccoc.upg-ploiesti.ro\/"},{"@type":"ListItem","position":2,"name":"Bun venit"}]},{"@type":"WebSite","@id":"http:\/\/ccoc.upg-ploiesti.ro\/#website","url":"http:\/\/ccoc.upg-ploiesti.ro\/","name":"Centrul de Consiliere \u0219i Orientare \u00een Carier\u0103","description":"Universitatea Petrol-Gaze din Ploie\u0219ti","potentialAction":[{"@type":"SearchAction","target":{"@type":"EntryPoint","urlTemplate":"http:\/\/ccoc.upg-ploiesti.ro\/?s={search_term_string}"},"query-input":{"@type":"PropertyValueSpecification","valueRequired":true,"valueName":"search_term_string"}}],"inLanguage":"en-US"}]}},"_links":{"self":[{"href":"http:\/\/ccoc.upg-ploiesti.ro\/index.php?rest_route=\/wp\/v2\/pages\/16","targetHints":{"allow":["GET"]}}],"collection":[{"href":"http:\/\/ccoc.upg-ploiesti.ro\/index.php?rest_route=\/wp\/v2\/pages"}],"about":[{"href":"http:\/\/ccoc.upg-ploiesti.ro\/index.php?rest_route=\/wp\/v2\/types\/page"}],"author":[{"embeddable":true,"href":"http:\/\/ccoc.upg-ploiesti.ro\/index.php?rest_route=\/wp\/v2\/users\/1"}],"replies":[{"embeddable":true,"href":"http:\/\/ccoc.upg-ploiesti.ro\/index.php?rest_route=%2Fwp%2Fv2%2Fcomments&post=16"}],"version-history":[{"count":3,"href":"http:\/\/ccoc.upg-ploiesti.ro\/index.php?rest_route=\/wp\/v2\/pages\/16\/revisions"}],"predecessor-version":[{"id":243,"href":"http:\/\/ccoc.upg-ploiesti.ro\/index.php?rest_route=\/wp\/v2\/pages\/16\/revisions\/243"}],"wp:featuredmedia":[{"embeddable":true,"href":"http:\/\/ccoc.upg-ploiesti.ro\/index.php?rest_route=\/wp\/v2\/media\/225"}],"wp:attachment":[{"href":"http:\/\/ccoc.upg-ploiesti.ro\/index.php?rest_route=%2Fwp%2Fv2%2Fmedia&parent=16"}],"curies":[{"name":"wp","href":"https:\/\/api.w.org\/{rel}","templated":true}]}}