{"id":206,"date":"2019-02-04T17:18:08","date_gmt":"2019-02-04T15:18:08","guid":{"rendered":"http:\/\/ccoc.upg-ploiesti.ro\/?page_id=206"},"modified":"2024-11-06T16:34:44","modified_gmt":"2024-11-06T14:34:44","slug":"raport-de-activitate-ccoc-2017-2018","status":"publish","type":"page","link":"http:\/\/ccoc.upg-ploiesti.ro\/?page_id=206","title":{"rendered":"Raport de activitate CCOC, 2017-2018"},"content":{"rendered":"<p><strong>Activit\u0103\u0163ile desf\u0103surate<\/strong>, \u00een cadrul CCOC, \u00een perioada 2017-2018, au fost condus la realizarea obiectivelor specifice propuse, astfel:<\/p>\n<ol>\n<li><strong><em>Consilierea psiho-pedagogic\u0103 \u015fi \u00een carier\u0103 a studen\u0163ilor UPG <\/em><\/strong><\/li>\n<\/ol>\n<p>\u00cen anul universitar 2017-2018 au fost organizate grupuri de consiliere si orientare \u00een carier\u0103 \u00een vederea cresterii gradului de integrare a studen\u0163ilor pe pia\u0163a muncii. \u00cen cadrul acestor \u00eent\u00e2lniri, au fost parcursi urm\u0103torii pasi: identificarea si constientizarea abilit\u0103\u0163ilor personale; realizarea unei corela\u0163ii \u00eentre caracteristicile personale si pia\u0163a for\u0163ei de munc\u0103; oferirea de informa\u0163ii cu privire la scopul unui interviu pentru angajare, structura si con\u0163inutul acestuia; acumularea de informa\u0163ii cu privire la elaborarea unui CV, \u00een format Europass si modalit\u0103\u0163i de c\u0103utare a unui loc de munc\u0103;<\/p>\n<p>Pe parcursul procesului de consiliere au fost identificate si alte nevoi de dezvoltare a capacit\u0103\u0163ii studen\u0163ilor, astfel c\u0103 au fost organizate sesiuni tematice, precum: \u201eManagementul timpului\u201d, \u201eManagementul conflictelor\u201d si \u201eImportan\u0163a comunic\u0103rii nonverbale\u201d.<\/p>\n<p>Totodata, activitatea de consiliere este desfasurata si la distanta, prin intermediul platformei sites.google.com\/site\/proiectdice, sus\u0163inut\u0103 prin proiectul DICE. Cei care acceseaz\u0103 platforma au posibilitatea de a-si evalua diferite abilitati prin intermediul unei baterii de 8 teste, rezultatele ob\u0163inute fiind de un real folos at\u00e2t pentru procesul de dezvoltare personal\u0103, c\u00e2t \u015fi pentru preg\u0103tirea inser\u0163iei pe pia\u0163a muncii. Accesul la platform\u0103 este deschis tuturor studen\u0163ilor UPG.<\/p>\n<ol start=\"2\">\n<li><strong><em>Informarea studen\u0163ilor din anii terminali cu privire la cerin\u0163ele de elaborare a portofoliului Europass \u015fi <\/em><\/strong><\/li>\n<li><strong><em>Informarea studen\u0163ilor din anii terminali cu privire la dinamica pie\u0163ei muncii la nivel na\u0163ional \u015fi interna\u0163ional<\/em><\/strong><\/li>\n<\/ol>\n<p>Responsabilii cu evaluarea nivelului de satisfac\u0163ie a studen\u0163ilor cu privire la mediul academic, desemna\u0163i de fiecare facultate in parte, au desf\u0103\u015furat activit\u0103\u0163i de informare&nbsp; pe problema elabor\u0103rii portofoliului de angajare, precum \u015fi elemente de analiz\u0103 a dinamicii pie\u0163ei muncii pe baza materialelor suport furnizate de CCOC.<\/p>\n<ol start=\"4\">\n<li><strong><em>Oferirea de consultan\u0163\u0103 \u015fi consiliere \u00een planul adopt\u0103rii deciziei \u00een carier\u0103 a elevilor din anii terminali de liceu din jude\u0163ul Prahova<\/em><\/strong><\/li>\n<\/ol>\n<p>Informarea elevilor din ani terminali de liceu cu privire la regulamentul Universit\u0103\u0163ii, examenele de admitere, posibilit\u0103\u0163ile de cazare, bursele de studii si studiile masterale prin ac\u0163iuni organizate sistematic, \u00een perioada noiembrie 2017 &#8211; mai 2018, \u00een cadrul unit\u0103\u0163ilor de \u00eenv\u0103\u0163\u0103m\u00e2nt din jude\u0163ul Prahova&nbsp; (ex. Colegiul Tehnic Toma Socolescu; Colegiul Tehnic Elie Radu &#8211; Ploie\u015fti; Colegiul Spiru Haret &#8211; Ploie\u015fti, Liceul Teoretic Brancoveanu Vod\u0103 din Urla\u0163i; Liceul Tehnologic Agricol B\u0103rc\u0103ne\u015fti; Liceul Tehnologic M\u0103neciu-Ungureni; Colegiul Nicolae Iorga din V\u0103lenii de Munte etc.)<\/p>\n<ol start=\"5\">\n<li><strong><em>Int\u00e2lniri de lucru cu parteneri din mediul socio-educa\u0163ional \u015fi economic \u00een vederea cre\u015fterii gradului de vizibilitate al CCOC la nivel local\/regional, precum \u015fi \u00een vederea cre\u015fterii gradului de ocupabilitate a for\u0163ei de munc\u0103<\/em><\/strong><\/li>\n<\/ol>\n<p>\u00cen aprilie 2018 a avut loc \u00eent\u00e2lnirea cu reprezentan\u0163i ai Inspectoratului \u015ecolar Prahova (prof. Bianca Ciulac \u2013 Inspector Mamagementul Resurselor Umane; prof. Tudor Iancu &#8211; Inspector Managementul Resurselor Umane). In cadrul acesteia au fost dezb\u0103tute aspecte referitoare la: condi\u0163iile de ocupare a posturilor didactice pentru anul 2017\/2018; lista posturilor didactice vacante\/rezervate pentru incadrarea pe perioad\u0103 nedeterminat\u0103\/determinat\u0103 scoase la concurs; calendarul concursului de ocupare a posturilor didactice; proceduri de realizare a dosarului de concurs. La intalnire au participat studen\u0163i din anii terminali ai facult\u0103\u0163ilor Litere \u015fi \u015etiin\u0163e, \u015etiin\u0163e Economice.<\/p>\n<ol start=\"6\">\n<li><strong><em>Organizarea \u015fi desf\u0103\u015furarea de manifest\u0103ri stiin\u0163ifice pe teme de consiliere \u00een carier\u0103<\/em><\/strong><\/li>\n<\/ol>\n<p>Implicarea activ\u0103 a elevilor, studen\u0163ilor si absolven\u0163ilor \u00een activit\u0103\u0163i privind dinamizarea vie\u0163ii stiin\u0163ifice:<\/p>\n<p>In luna aprilie 2018, CCOC a contribuit la organizarea sesiunii \u015ftiin\u0163ifice studen\u0163e\u015fti, \u00eencuraj\u00e2nd elaborarea \u015fi publicarea lucr\u0103rilor \u015ftiin\u0163ifice de c\u0103tre studen\u0163i.<\/p>\n<p>Totodat\u0103, \u00een perioada 28-29 iunie 2018, s-a desf\u0103\u015furat conferin\u0163a interna\u0163ional\u0103 \u201c<strong>MANAGING DIFFERENCES: THE CHALLENGE OF&nbsp; THE CONTEMPORARY WORLD\u201d<\/strong><strong>, <\/strong>\u00een cadrul c\u0103reia au fost prezentate lucr\u0103ri, studii pe tema consilierii.<\/p>\n<ol start=\"7\">\n<li><strong><em>Colectarea datelor cu privire la rata de abandon a studen\u0163ilor UPG; analiza \u015fi interpretarea datelor<\/em><\/strong><\/li>\n<\/ol>\n<p>Organizarea focus-grupuri cu studen\u0163ii av\u00e2nd ca obiective: definirea obiectivelor profesionale urm\u0103rite de beneficiarii direc\u0163i (studen\u0163i) identificarea principalelor dificult\u0103\u0163i \u00eent\u00e2mpinate de ace\u015ftia \u00een plan academic; formularea unor recomand\u0103ri cu privire la modalit\u0103\u0163ile de reducere a ratei de abandon. La focus-grupuri au participat studen\u0163i din anul III (specializ\u0103rile: <em>Matematic\u0103, Informatic\u0103, Pedagogie, Pedagogia \u00eenv\u0103\u0163\u0103m\u00e2ntului Primar \u015fi Pre\u015fcolar, Administra\u0163ie Public\u0103, Limba \u015fi Literatura Rom\u00e2n\u0103 &#8211; Limba \u015fi Literatura Englez\u0103, Limba \u015fi Literatura Englez\u0103 &#8211; Limba \u015fi Literatura Francez\u0103<\/em>) \u015fi anul IV (specializ\u0103rile <em>Calculatoare, Automatic\u0103, Electronic\u0103 Aplicat\u0103, Foraj-Extrac\u0163ie<\/em> etc).<\/p>\n<p>Pe baza datelor recoltate a fost redactat un raport cu privire la prevenirea abandonului universitar pentru anul 2017-2018.<\/p>\n<ol start=\"8\">\n<li><strong><em>Administrarea instrumentelor de monitorizare a inser\u0163iei absolven\u0163ilor pe pia\u0163a muncii<\/em><\/strong><\/li>\n<\/ol>\n<p>Prin intermediul responsabililor desemna\u0163i cu monitorizarea inser\u0163iei pe pia\u0163a muncii au fost administrate chestionare studen\u0163ilor tuturor programelor de master din cadrul UPG, srtuden\u0163i absolven\u0163i ai programelor de licen\u0163\u0103 \u00een cadrul universit\u0103\u0163ii.<\/p>\n<p>Datele culese au fost analizate \u015fi interpretate \u00een cardul raportului de monitorizare a inser\u0163iei pe pia\u0163a muncii, realizat de CCOC.<\/p>\n<ol start=\"10\">\n<li><strong><em>Evaluarea gradului de satisfac\u0163ie a studen\u0163ilor cu privire la mediul academic<\/em><\/strong><\/li>\n<\/ol>\n<p>Pentru \u00eendeplinirea acestui obiectiv a fost elaborate un chestionar de evaluare a satisfac\u0163iei a studen\u0163ilor&nbsp; cu privire la mediul academic. Instrumentul a fost aplicat pe un e\u015fantion de 1200 studen\u0163i ai programelor de studii de licen\u0163\u0103 \u015fi master.<\/p>\n<ol start=\"11\">\n<li><strong><em> Analiza \u015fi interpretarea datelor cu privire la monitorizarea absolven\u0163ilor<\/em><\/strong><\/li>\n<\/ol>\n<p>Datele brute ob\u0163inute din chestionarul de monitorizare aplicat au fost num\u0103rate, grupate&nbsp; \u015fi interpretate \u00een cadrul raportului de monitorizare a inser\u0163iei pe pia\u0163a muncii, realizat de CCOC.<\/p>\n<p>&nbsp;<\/p>\n<p>\u00ceNTOCMIT,<\/p>\n<p><strong>Director CCOC<\/strong><\/p>\n<p><strong>Conf. univ. dr. Cristina Safta<\/strong><\/p>\n","protected":false},"excerpt":{"rendered":"<p>Activit\u0103\u0163ile desf\u0103surate, \u00een cadrul CCOC, \u00een perioada 2017-2018, au fost condus la realizarea obiectivelor specifice propuse, astfel: Consilierea psiho-pedagogic\u0103 \u015fi \u00een carier\u0103 a studen\u0163ilor UPG \u00cen anul universitar 2017-2018 au fost organizate grupuri de consiliere si orientare \u00een carier\u0103 \u00een vederea cresterii gradului de integrare a studen\u0163ilor pe pia\u0163a muncii. \u00cen cadrul acestor \u00eent\u00e2lniri, au&#8230;<\/p>\n","protected":false},"author":1,"featured_media":0,"parent":104,"menu_order":0,"comment_status":"closed","ping_status":"closed","template":"","meta":{"_kad_post_transparent":"","_kad_post_title":"","_kad_post_layout":"","_kad_post_sidebar_id":"","_kad_post_content_style":"","_kad_post_vertical_padding":"","_kad_post_feature":"","_kad_post_feature_position":"","_kad_post_header":false,"_kad_post_footer":false,"footnotes":""},"class_list":["post-206","page","type-page","status-publish","hentry"],"yoast_head":"<!-- This site is optimized with the Yoast SEO plugin v24.5 - https:\/\/yoast.com\/wordpress\/plugins\/seo\/ -->\n<title>Raport de activitate CCOC, 2017-2018 - Centrul de Consiliere \u0219i Orientare \u00een Carier\u0103<\/title>\n<meta name=\"robots\" content=\"index, follow, max-snippet:-1, max-image-preview:large, max-video-preview:-1\" \/>\n<link rel=\"canonical\" href=\"http:\/\/ccoc.upg-ploiesti.ro\/?page_id=206\" \/>\n<meta property=\"og:locale\" content=\"en_US\" \/>\n<meta property=\"og:type\" content=\"article\" \/>\n<meta property=\"og:title\" content=\"Raport de activitate CCOC, 2017-2018 - Centrul de Consiliere \u0219i Orientare \u00een Carier\u0103\" \/>\n<meta property=\"og:description\" content=\"Activit\u0103\u0163ile desf\u0103surate, \u00een cadrul CCOC, \u00een perioada 2017-2018, au fost condus la realizarea obiectivelor specifice propuse, astfel: Consilierea psiho-pedagogic\u0103 \u015fi \u00een carier\u0103 a studen\u0163ilor UPG \u00cen anul universitar 2017-2018 au fost organizate grupuri de consiliere si orientare \u00een carier\u0103 \u00een vederea cresterii gradului de integrare a studen\u0163ilor pe pia\u0163a muncii. \u00cen cadrul acestor \u00eent\u00e2lniri, au...\" \/>\n<meta property=\"og:url\" content=\"http:\/\/ccoc.upg-ploiesti.ro\/?page_id=206\" \/>\n<meta property=\"og:site_name\" content=\"Centrul de Consiliere \u0219i Orientare \u00een Carier\u0103\" \/>\n<meta property=\"article:modified_time\" content=\"2024-11-06T14:34:44+00:00\" \/>\n<meta name=\"twitter:card\" content=\"summary_large_image\" \/>\n<meta name=\"twitter:label1\" content=\"Est. reading time\" \/>\n\t<meta name=\"twitter:data1\" content=\"4 minutes\" \/>\n<script type=\"application\/ld+json\" class=\"yoast-schema-graph\">{\"@context\":\"https:\/\/schema.org\",\"@graph\":[{\"@type\":\"WebPage\",\"@id\":\"http:\/\/ccoc.upg-ploiesti.ro\/?page_id=206\",\"url\":\"http:\/\/ccoc.upg-ploiesti.ro\/?page_id=206\",\"name\":\"Raport de activitate CCOC, 2017-2018 - Centrul de Consiliere \u0219i Orientare \u00een Carier\u0103\",\"isPartOf\":{\"@id\":\"http:\/\/ccoc.upg-ploiesti.ro\/#website\"},\"datePublished\":\"2019-02-04T15:18:08+00:00\",\"dateModified\":\"2024-11-06T14:34:44+00:00\",\"breadcrumb\":{\"@id\":\"http:\/\/ccoc.upg-ploiesti.ro\/?page_id=206#breadcrumb\"},\"inLanguage\":\"en-US\",\"potentialAction\":[{\"@type\":\"ReadAction\",\"target\":[\"http:\/\/ccoc.upg-ploiesti.ro\/?page_id=206\"]}]},{\"@type\":\"BreadcrumbList\",\"@id\":\"http:\/\/ccoc.upg-ploiesti.ro\/?page_id=206#breadcrumb\",\"itemListElement\":[{\"@type\":\"ListItem\",\"position\":1,\"name\":\"Home\",\"item\":\"http:\/\/ccoc.upg-ploiesti.ro\/\"},{\"@type\":\"ListItem\",\"position\":2,\"name\":\"Despre noi\",\"item\":\"http:\/\/ccoc.upg-ploiesti.ro\/?page_id=36\"},{\"@type\":\"ListItem\",\"position\":3,\"name\":\"Rapoarte\",\"item\":\"http:\/\/ccoc.upg-ploiesti.ro\/?page_id=104\"},{\"@type\":\"ListItem\",\"position\":4,\"name\":\"Raport de activitate CCOC, 2017-2018\"}]},{\"@type\":\"WebSite\",\"@id\":\"http:\/\/ccoc.upg-ploiesti.ro\/#website\",\"url\":\"http:\/\/ccoc.upg-ploiesti.ro\/\",\"name\":\"Centrul de Consiliere \u0219i Orientare \u00een Carier\u0103\",\"description\":\"Universitatea Petrol-Gaze din Ploie\u0219ti\",\"potentialAction\":[{\"@type\":\"SearchAction\",\"target\":{\"@type\":\"EntryPoint\",\"urlTemplate\":\"http:\/\/ccoc.upg-ploiesti.ro\/?s={search_term_string}\"},\"query-input\":{\"@type\":\"PropertyValueSpecification\",\"valueRequired\":true,\"valueName\":\"search_term_string\"}}],\"inLanguage\":\"en-US\"}]}<\/script>\n<!-- \/ Yoast SEO plugin. -->","yoast_head_json":{"title":"Raport de activitate CCOC, 2017-2018 - Centrul de Consiliere \u0219i Orientare \u00een Carier\u0103","robots":{"index":"index","follow":"follow","max-snippet":"max-snippet:-1","max-image-preview":"max-image-preview:large","max-video-preview":"max-video-preview:-1"},"canonical":"http:\/\/ccoc.upg-ploiesti.ro\/?page_id=206","og_locale":"en_US","og_type":"article","og_title":"Raport de activitate CCOC, 2017-2018 - Centrul de Consiliere \u0219i Orientare \u00een Carier\u0103","og_description":"Activit\u0103\u0163ile desf\u0103surate, \u00een cadrul CCOC, \u00een perioada 2017-2018, au fost condus la realizarea obiectivelor specifice propuse, astfel: Consilierea psiho-pedagogic\u0103 \u015fi \u00een carier\u0103 a studen\u0163ilor UPG \u00cen anul universitar 2017-2018 au fost organizate grupuri de consiliere si orientare \u00een carier\u0103 \u00een vederea cresterii gradului de integrare a studen\u0163ilor pe pia\u0163a muncii. \u00cen cadrul acestor \u00eent\u00e2lniri, au...","og_url":"http:\/\/ccoc.upg-ploiesti.ro\/?page_id=206","og_site_name":"Centrul de Consiliere \u0219i Orientare \u00een Carier\u0103","article_modified_time":"2024-11-06T14:34:44+00:00","twitter_card":"summary_large_image","twitter_misc":{"Est. reading time":"4 minutes"},"schema":{"@context":"https:\/\/schema.org","@graph":[{"@type":"WebPage","@id":"http:\/\/ccoc.upg-ploiesti.ro\/?page_id=206","url":"http:\/\/ccoc.upg-ploiesti.ro\/?page_id=206","name":"Raport de activitate CCOC, 2017-2018 - Centrul de Consiliere \u0219i Orientare \u00een Carier\u0103","isPartOf":{"@id":"http:\/\/ccoc.upg-ploiesti.ro\/#website"},"datePublished":"2019-02-04T15:18:08+00:00","dateModified":"2024-11-06T14:34:44+00:00","breadcrumb":{"@id":"http:\/\/ccoc.upg-ploiesti.ro\/?page_id=206#breadcrumb"},"inLanguage":"en-US","potentialAction":[{"@type":"ReadAction","target":["http:\/\/ccoc.upg-ploiesti.ro\/?page_id=206"]}]},{"@type":"BreadcrumbList","@id":"http:\/\/ccoc.upg-ploiesti.ro\/?page_id=206#breadcrumb","itemListElement":[{"@type":"ListItem","position":1,"name":"Home","item":"http:\/\/ccoc.upg-ploiesti.ro\/"},{"@type":"ListItem","position":2,"name":"Despre noi","item":"http:\/\/ccoc.upg-ploiesti.ro\/?page_id=36"},{"@type":"ListItem","position":3,"name":"Rapoarte","item":"http:\/\/ccoc.upg-ploiesti.ro\/?page_id=104"},{"@type":"ListItem","position":4,"name":"Raport de activitate CCOC, 2017-2018"}]},{"@type":"WebSite","@id":"http:\/\/ccoc.upg-ploiesti.ro\/#website","url":"http:\/\/ccoc.upg-ploiesti.ro\/","name":"Centrul de Consiliere \u0219i Orientare \u00een Carier\u0103","description":"Universitatea Petrol-Gaze din Ploie\u0219ti","potentialAction":[{"@type":"SearchAction","target":{"@type":"EntryPoint","urlTemplate":"http:\/\/ccoc.upg-ploiesti.ro\/?s={search_term_string}"},"query-input":{"@type":"PropertyValueSpecification","valueRequired":true,"valueName":"search_term_string"}}],"inLanguage":"en-US"}]}},"_links":{"self":[{"href":"http:\/\/ccoc.upg-ploiesti.ro\/index.php?rest_route=\/wp\/v2\/pages\/206","targetHints":{"allow":["GET"]}}],"collection":[{"href":"http:\/\/ccoc.upg-ploiesti.ro\/index.php?rest_route=\/wp\/v2\/pages"}],"about":[{"href":"http:\/\/ccoc.upg-ploiesti.ro\/index.php?rest_route=\/wp\/v2\/types\/page"}],"author":[{"embeddable":true,"href":"http:\/\/ccoc.upg-ploiesti.ro\/index.php?rest_route=\/wp\/v2\/users\/1"}],"replies":[{"embeddable":true,"href":"http:\/\/ccoc.upg-ploiesti.ro\/index.php?rest_route=%2Fwp%2Fv2%2Fcomments&post=206"}],"version-history":[{"count":3,"href":"http:\/\/ccoc.upg-ploiesti.ro\/index.php?rest_route=\/wp\/v2\/pages\/206\/revisions"}],"predecessor-version":[{"id":391,"href":"http:\/\/ccoc.upg-ploiesti.ro\/index.php?rest_route=\/wp\/v2\/pages\/206\/revisions\/391"}],"up":[{"embeddable":true,"href":"http:\/\/ccoc.upg-ploiesti.ro\/index.php?rest_route=\/wp\/v2\/pages\/104"}],"wp:attachment":[{"href":"http:\/\/ccoc.upg-ploiesti.ro\/index.php?rest_route=%2Fwp%2Fv2%2Fmedia&parent=206"}],"curies":[{"name":"wp","href":"https:\/\/api.w.org\/{rel}","templated":true}]}}