{"id":290,"date":"2022-06-02T14:14:52","date_gmt":"2022-06-02T11:14:52","guid":{"rendered":"http:\/\/ccoc.upg-ploiesti.ro\/?page_id=290"},"modified":"2022-06-02T14:19:29","modified_gmt":"2022-06-02T11:19:29","slug":"chestionare-pentru-selectarea-domeniului-profesional-si-cunoasterea-personalitatii","status":"publish","type":"page","link":"http:\/\/ccoc.upg-ploiesti.ro\/?page_id=290","title":{"rendered":"Chestionare pentru selectarea domeniului profesional \u0219i cunoa\u0219terea personalit\u0103\u021bii"},"content":{"rendered":"\n<p>Exist\u0103 o multitudine de chestionare destinate orient\u0103rii individului c\u0103tre o anumit\u0103 profesie sau domeniu profesional. Aceste chestionare au rezultate orientative. Ele il ajuta pe respondent sa inteleaga mai bine anumite aspecte ale propriei personalitati si sa aleaga in mod constient o cariera.<\/p>\n\n\n\n<h3 class=\"wp-block-heading\" id=\"h.p_qO_aRgd-D_ns_l\">Site-ul EU pentru orientare \u00een carier\u0103:<\/h3>\n\n\n\n<ul class=\"wp-block-list\"><li><a href=\"http:\/\/www.google.com\/url?q=http%3A%2F%2Fwww.career-modules.eu%2F&amp;sa=D&amp;sntz=1&amp;usg=AOvVaw3gsuOnctSirUvq1GWc0GCm\" target=\"_blank\" rel=\"noreferrer noopener\">http:\/\/www.career-modules.eu\/<\/a><\/li><\/ul>\n\n\n\n<h3 class=\"wp-block-heading\" id=\"h.p_MJlp_5GBvw9l_l\">Chestionarul Holland (mai multe informa\u021bii aici: <a href=\"https:\/\/www.google.com\/url?q=https%3A%2F%2Fen.wikipedia.org%2Fwiki%2FHolland_Codes&amp;sa=D&amp;sntz=1&amp;usg=AOvVaw3SeJ2MdwqByGFe7GnhEfwt\" target=\"_blank\" rel=\"noreferrer noopener\">https:\/\/en.wikipedia.org\/wiki\/Holland_Codes<\/a>)<\/h3>\n\n\n\n<p>V\u0103 pute\u021bi auto-aplica chestionarul Holland pe una dintre urm\u0103toarele pagini:<\/p>\n\n\n\n<ul class=\"wp-block-list\"><li><a href=\"https:\/\/www.google.com\/url?q=https%3A%2F%2Fwebage.ro%2Ftest%2Fchestionar-de-aptitudini%2F&amp;sa=D&amp;sntz=1&amp;usg=AOvVaw2-eiwrdSSAXI5IpMo-iGOi\" target=\"_blank\" rel=\"noreferrer noopener\">https:\/\/webage.ro\/test\/chestionar-de-aptitudini\/<\/a><\/li><li><a href=\"http:\/\/www.google.com\/url?q=http%3A%2F%2Fdezvoltaresicariera.xhost.ro%2Fholland.html&amp;sa=D&amp;sntz=1&amp;usg=AOvVaw3KRvxNrVg_F22repVp5z_S\" target=\"_blank\" rel=\"noreferrer noopener\">http:\/\/dezvoltaresicariera.xhost.ro\/holland.html<\/a><\/li><li><a href=\"https:\/\/www.google.com\/url?q=https%3A%2F%2Fwww.123test.com%2Fcareer-test%2F&amp;sa=D&amp;sntz=1&amp;usg=AOvVaw11ihemE-w0jUY3pYIs2LsU\" target=\"_blank\" rel=\"noreferrer noopener\">https:\/\/www.123test.com\/career-test\/<\/a><\/li><li><a href=\"https:\/\/www.google.com\/url?q=https%3A%2F%2Fwww.truity.com%2Ftest%2Fholland-code-career-test&amp;sa=D&amp;sntz=1&amp;usg=AOvVaw1ok6I4Jgp48GkZ3EwTlJVB\" target=\"_blank\" rel=\"noreferrer noopener\">https:\/\/www.truity.com\/test\/holland-code-career-test<\/a><\/li><li><a href=\"https:\/\/www.google.com\/url?q=https%3A%2F%2Fopenpsychometrics.org%2Ftests%2FRIASEC%2F&amp;sa=D&amp;sntz=1&amp;usg=AOvVaw2jNXc2GfY5EiyjfeI3ZDuU\" target=\"_blank\" rel=\"noreferrer noopener\">https:\/\/openpsychometrics.org\/tests\/RIASEC\/<\/a><\/li><\/ul>\n\n\n\n<h3 class=\"wp-block-heading\" id=\"h.p_lyqoLgRH2uWQ_l\">Chestionarul MBTI (Myers Briggs Type Indicator; mai multe informa\u021bii aici: <a href=\"https:\/\/www.google.com\/url?q=https%3A%2F%2Fen.wikipedia.org%2Fwiki%2FMyers%25E2%2580%2593Briggs_Type_Indicator&amp;sa=D&amp;sntz=1&amp;usg=AOvVaw2yUzRkJH7mCEUpo3ISjHrp\" target=\"_blank\" rel=\"noreferrer noopener\">https:\/\/en.wikipedia.org\/wiki\/Myers%E2%80%93Briggs_Type_Indicator<\/a>)<\/h3>\n\n\n\n<p>V\u0103 pute\u021bi auto-aplica chestionarul MBTI pe una dintre urm\u0103toarele pagini:<\/p>\n\n\n\n<ul class=\"wp-block-list\"><li><a href=\"https:\/\/www.google.com\/url?q=https%3A%2F%2Fwww.16personalities.com%2Fro%2Ftest-de-personalitate-gratuit&amp;sa=D&amp;sntz=1&amp;usg=AOvVaw23lTO4iMcxWhUjzuan0dWX\" target=\"_blank\" rel=\"noreferrer noopener\">https:\/\/www.16personalities.com\/ro\/test-de-personalitate-gratuit<\/a><\/li><li><a href=\"https:\/\/www.google.com\/url?q=https%3A%2F%2Fwww.la-psiholog.ro%2Fteste-psihologice%2Ftest-personalitate-jung-16-tipuri&amp;sa=D&amp;sntz=1&amp;usg=AOvVaw3HvmQ7aUuv0vk1vO0iCKUR\" target=\"_blank\" rel=\"noreferrer noopener\">https:\/\/www.la-psiholog.ro\/teste-psihologice\/test-personalitate-jung-16-tipuri<\/a><\/li><li><a href=\"http:\/\/www.google.com\/url?q=http%3A%2F%2Fwww.humanmetrics.com%2Fcgi-win%2Fjtypes2.asp&amp;sa=D&amp;sntz=1&amp;usg=AOvVaw0sQw7SDs2AgePPII_J-3zA\" target=\"_blank\" rel=\"noreferrer noopener\">http:\/\/www.humanmetrics.com\/cgi-win\/jtypes2.asp<\/a><\/li><li><a href=\"https:\/\/www.google.com\/url?q=https%3A%2F%2Fopenpsychometrics.org%2Ftests%2F16PF.php&amp;sa=D&amp;sntz=1&amp;usg=AOvVaw1nD_pamdiTJa-kJb0P9xDe\" target=\"_blank\" rel=\"noreferrer noopener\">https:\/\/openpsychometrics.org\/tests\/16PF.php<\/a><\/li><\/ul>\n\n\n\n<h3 class=\"wp-block-heading\" id=\"h.p_4S7wg61c5YKr_l\">Chestionarul DISC (chestionar de dominante motiva\u021bionale; mai multe informa\u021bii aici: <a href=\"https:\/\/www.google.com\/url?q=https%3A%2F%2Fen.wikipedia.org%2Fwiki%2FDISC_assessment&amp;sa=D&amp;sntz=1&amp;usg=AOvVaw1nGAur_5iacu_S49HwcAGc\" target=\"_blank\" rel=\"noreferrer noopener\">https:\/\/en.wikipedia.org\/wiki\/DISC_assessment<\/a>)<\/h3>\n\n\n\n<p>Din acest test vei afla tipul de personalitate. Sunt 4 tipuri de temperament, cum zice \u015fi numele testului, \u00een limba englez\u0103: Dominance, Influence, Steadiness, Compliance. V\u0103 pute\u021bi auto-aplica chestionarul de dominante motiva\u021bionale pe una dintre urm\u0103toarele pagini:<\/p>\n\n\n\n<ul class=\"wp-block-list\"><li><a href=\"https:\/\/www.google.com\/url?q=https%3A%2F%2Fwww.123test.com%2Fdisc-personality-test%2F&amp;sa=D&amp;sntz=1&amp;usg=AOvVaw1tobHaR2xZxk0WA29Avtov\" target=\"_blank\" rel=\"noreferrer noopener\">https:\/\/www.123test.com\/disc-personality-test\/<\/a><\/li><li><a href=\"https:\/\/www.google.com\/url?q=https%3A%2F%2Fwww.queendom.com%2Ftests%2Faccess_page%2Findex.htm%3FidRegTest%3D1125&amp;sa=D&amp;sntz=1&amp;usg=AOvVaw1R1Qv2g8HUSkle6f1lAkIF\" target=\"_blank\" rel=\"noreferrer noopener\">https:\/\/www.queendom.com\/tests\/access_page\/index.htm?idRegTest=1125<\/a><\/li><li><a href=\"http:\/\/www.google.com\/url?q=http%3A%2F%2Fwww.seemypersonality.com%2Fpersonality.asp%3Fp%3DMotivation-Test%23q1&amp;sa=D&amp;sntz=1&amp;usg=AOvVaw3hdIS15JLjHkWc9ABdfUV6\" target=\"_blank\" rel=\"noreferrer noopener\">http:\/\/www.seemypersonality.com\/personality.asp?p=Motivation-Test#q1<\/a><\/li><li><a href=\"https:\/\/www.google.com\/url?q=https%3A%2F%2Fwww.bravermantest.com%2F&amp;sa=D&amp;sntz=1&amp;usg=AOvVaw3vvmHkcVG4RvDgNpp2vBii\" target=\"_blank\" rel=\"noreferrer noopener\">https:\/\/www.bravermantest.com\/<\/a><\/li><li><a href=\"https:\/\/www.google.com\/url?q=https%3A%2F%2Fwww.psychologytoday.com%2Fus%2Ftests%2Fpersonality%2Fmotivation-needs-test&amp;sa=D&amp;sntz=1&amp;usg=AOvVaw2KcFlQuTaSE7pZ3CxqoAvm\" target=\"_blank\" rel=\"noreferrer noopener\">https:\/\/www.psychologytoday.com\/us\/tests\/personality\/motivation-needs-test<\/a><\/li><li><a href=\"http:\/\/www.google.com\/url?q=http%3A%2F%2Fwww.ipn.at%2Fipn.asp%3FBHX&amp;sa=D&amp;sntz=1&amp;usg=AOvVaw3NSH0098y3hjiLuTh-4y2H\" target=\"_blank\" rel=\"noreferrer noopener\">http:\/\/www.ipn.at\/ipn.asp?BHX<\/a><\/li><\/ul>\n\n\n\n<h3 class=\"wp-block-heading\" id=\"h.p_bPwkU0Vh30Uw_l\">Testul Hartmann sau testul culorilor<\/h3>\n\n\n\n<p>Sunt patru culori care corespund unori tipuri de personalitate: ro\u015fu \u2013 putere, albastru \u2013 integritate \u0219i apreciere, alb \u2013 pace, galben \u2013 distrac\u0163ie. Vei parcurge cele 45 de \u00eentreb\u0103ri \u015fi \u00ee\u0163i vei afla culoarea, ce te motiveaz\u0103, care \u00ee\u0163i sunt atuurile \u015fi punctele tale slabe. \u00cel g\u0103se\u015fti \u00een limba englez\u0103, gratuit, aici:<\/p>\n\n\n\n<ul class=\"wp-block-list\"><li><a href=\"http:\/\/www.google.com\/url?q=http%3A%2F%2Fwww.colorcode.com%2F&amp;sa=D&amp;sntz=1&amp;usg=AOvVaw00-JsCANQXYgfAdeKH1o2A\" target=\"_blank\" rel=\"noreferrer noopener\">http:\/\/www.colorcode.com\/<\/a><\/li><li><a href=\"https:\/\/www.google.com\/url?q=https%3A%2F%2Fmy-personality-test.com%2Ftrue-colours&amp;sa=D&amp;sntz=1&amp;usg=AOvVaw1G6VHz_r8xE8OB-a-mGvMC\" target=\"_blank\" rel=\"noreferrer noopener\">https:\/\/my-personality-test.com\/true-colours<\/a><\/li><\/ul>\n\n\n\n<h3 class=\"wp-block-heading\" id=\"h.p_TL6lg4ai30s5_l\">Testul Luscher<\/h3>\n\n\n\n<p>Vei alege, \u00een ordine descresc\u0103toare, culorile care \u00ee\u0163i plac cel mai mult. Vei afla care este starea ta actual\u0103, direc\u0163iile \u015fi obiectivele tale, poten\u0163ialul. Testul se poate repeta periodic \u015fi este disponibil \u00een limba rom\u00e2n\u0103 aici:<\/p>\n\n\n\n<ul class=\"wp-block-list\"><li><a href=\"http:\/\/www.google.com\/url?q=http%3A%2F%2Fwww.colourtest.ue-foundation.org%2Fkolory%2Fkolor-index2.php&amp;sa=D&amp;sntz=1&amp;usg=AOvVaw0aY_mgA0thArEFjzCe1Vn2\" target=\"_blank\" rel=\"noreferrer noopener\">http:\/\/www.colourtest.ue-foundation.org\/kolory\/kolor-index2.php<\/a><\/li><\/ul>\n\n\n\n<h3 class=\"wp-block-heading\" id=\"h.p_vgtnI6Go30s6_l\">Testul Keirsey<\/h3>\n\n\n\n<p>Conform psihologului american David Keirsey exista 4 tipuri de temperament ce descriu comportamentul uman: Rational, Artizan, Gardian \u015fi Idealist. Po\u0163i r\u0103spunde la cele 71 de \u00eentreb\u0103ri ale testului, select\u00e2nd informa\u0163ia care \u0163i se potrive\u015fte cel mai bine, aici:<\/p>\n\n\n\n<ul class=\"wp-block-list\"><li><a href=\"http:\/\/www.google.com\/url?q=http%3A%2F%2Fwww.keirsey.com%2F&amp;sa=D&amp;sntz=1&amp;usg=AOvVaw0I6mZ-XoKh0GpS-LOK0f3A\" target=\"_blank\" rel=\"noreferrer noopener\">http:\/\/www.keirsey.com\/<\/a><\/li><\/ul>\n\n\n\n<h3 class=\"wp-block-heading\" id=\"h.p_zI7tljRH30s8_l\">Eneagrama<\/h3>\n\n\n\n<p>Eneagrama (enea = 9, grama = figur\u0103) este un instrument psihologic foarte performant. Confrom acesteia sunt 9 tipologii: Perfec\u0163ionistul, Altruistul, Executantul, Artistul, G\u00e2nditorul, Devotatul, Generalistul, Conduc\u0103torul \u015fi Mediatorul. Sunt 180 de \u00eentreb\u0103ri la care po\u0163i r\u0103spunde aici:<\/p>\n\n\n\n<ul class=\"wp-block-list\"><li><a href=\"http:\/\/www.google.com\/url?q=http%3A%2F%2Fwww.personalityonline.com%2Ftests%2Fengine.html%3Ftestid%3D2&amp;sa=D&amp;sntz=1&amp;usg=AOvVaw272TaNeMn3jf-kW2N1ZTTt\" target=\"_blank\" rel=\"noreferrer noopener\">http:\/\/www.personalityonline.com\/tests\/engine.html?testid=2<\/a><\/li><\/ul>\n\n\n\n<h3 class=\"wp-block-heading\" id=\"h.p_4Dfp3buO30s9_l\">Testul Rorschach<\/h3>\n\n\n\n<p>Trebuie s\u0103 interpretezi 10 desene cu pete de cerneal\u0103. Vei afla despre abilit\u0103\u0163ile tale, performan\u0163a la job \u015fi atitudine. \u00cel g\u0103se\u015fti aici:<\/p>\n\n\n\n<ul class=\"wp-block-list\"><li><a href=\"http:\/\/www.google.com\/url?q=http%3A%2F%2Ftheinkblot.com%2F&amp;sa=D&amp;sntz=1&amp;usg=AOvVaw1kyrrVWB-QfU4IhHPXp53h\" target=\"_blank\" rel=\"noreferrer noopener\">http:\/\/theinkblot.com<\/a><\/li><\/ul>\n\n\n\n<h3 class=\"wp-block-heading\" id=\"h.p_HilS9kco30tA_l\">Testul rolului in echipa<\/h3>\n\n\n\n<p>Acest test se poate face cand lucrezi la un proiect in echipa, pentru a vedea ce rol ti se potriveste. Poate esti un lider, sau poate esti un bun executant. Afla rezultatul, parcurgand testul de aici:<\/p>\n\n\n\n<ul class=\"wp-block-list\"><li><a href=\"http:\/\/www.google.com\/url?q=http%3A%2F%2Fwww.123test.com%2Fteam-roles-test%2F&amp;sa=D&amp;sntz=1&amp;usg=AOvVaw0UCZA1mIG54WQepXEOkpFF\" target=\"_blank\" rel=\"noreferrer noopener\">http:\/\/www.123test.com\/team-roles-test\/<\/a><\/li><\/ul>\n\n\n\n<h3 class=\"wp-block-heading\" id=\"h.p_qvav3ijqwnkB_l\">Alte tipuri de chestionare pentru selectarea domeniului profesional:<\/h3>\n\n\n\n<ul class=\"wp-block-list\"><li><a href=\"http:\/\/www.google.com\/url?q=http%3A%2F%2Ftestcariera.ro%2Ftest-de-cariera.php&amp;sa=D&amp;sntz=1&amp;usg=AOvVaw3AeuY1j_jH5WpOIV6jO-yV\" target=\"_blank\" rel=\"noreferrer noopener\">http:\/\/testcariera.ro\/test-de-cariera.php<\/a><\/li><li><a href=\"https:\/\/www.google.com\/url?q=https%3A%2F%2Fwww.whatcareerisrightforme.com%2Fcareer-aptitude-test.php&amp;sa=D&amp;sntz=1&amp;usg=AOvVaw1fH4nvWknE9NMLzzZNiBhd\" target=\"_blank\" rel=\"noreferrer noopener\">https:\/\/www.whatcareerisrightforme.com\/career-aptitude-test.php<\/a><\/li><li><a href=\"https:\/\/www.google.com\/url?q=https%3A%2F%2Fwww.careerexplorer.com%2F&amp;sa=D&amp;sntz=1&amp;usg=AOvVaw26B6cBCnuP61-AGx2GK70Z\" target=\"_blank\" rel=\"noreferrer noopener\">https:\/\/www.careerexplorer.com\/<\/a><\/li><li><a href=\"https:\/\/www.google.com\/url?q=https%3A%2F%2Fwww.yourfreecareertest.com%2F&amp;sa=D&amp;sntz=1&amp;usg=AOvVaw1b2WvDjbnaHqUA1E-yXSql\" target=\"_blank\" rel=\"noreferrer noopener\">https:\/\/www.yourfreecareertest.com\/<\/a><\/li><li><a href=\"http:\/\/www.google.com\/url?q=http%3A%2F%2Fwww.seemypersonality.com%2FCareer-Test%23q1&amp;sa=D&amp;sntz=1&amp;usg=AOvVaw2dLKOK-ZOgg1xVi1I7dg9f\" target=\"_blank\" rel=\"noreferrer noopener\">http:\/\/www.seemypersonality.com\/Career-Test#q1<\/a><\/li><li><a href=\"https:\/\/www.google.com\/url?q=https%3A%2F%2Fwww.mynextmove.org%2Fexplore%2Fip&amp;sa=D&amp;sntz=1&amp;usg=AOvVaw1HusNPkX0XADJG7Vc5V3tx\" target=\"_blank\" rel=\"noreferrer noopener\">https:\/\/www.mynextmove.org\/explore\/ip<\/a><\/li><li><a href=\"https:\/\/www.google.com\/url?q=https%3A%2F%2Fwww.myplan.com%2F&amp;sa=D&amp;sntz=1&amp;usg=AOvVaw19vJ6NiIxnE6fffe-9OISf\" target=\"_blank\" rel=\"noreferrer noopener\">https:\/\/www.myplan.com\/<\/a><\/li><li><a href=\"http:\/\/www.google.com\/url?q=http%3A%2F%2Fwww.oprah.com%2Fomagazine%2Faptitude-tests-career-assessment&amp;sa=D&amp;sntz=1&amp;usg=AOvVaw2kZYzt2O7pPWO6VSTVaF6I\" target=\"_blank\" rel=\"noreferrer noopener\">http:\/\/www.oprah.com\/omagazine\/aptitude-tests-career-assessment<\/a><\/li><li><a href=\"https:\/\/www.google.com\/url?q=https%3A%2F%2Fapp.pathsource.com%2Fusers%2Fsign_in&amp;sa=D&amp;sntz=1&amp;usg=AOvVaw2Lf4sicE5rldF87o3hkOMg\" target=\"_blank\" rel=\"noreferrer noopener\">https:\/\/app.pathsource.com\/users\/sign_in<\/a><\/li><li><a href=\"https:\/\/www.google.com\/url?q=https%3A%2F%2Frichardstep.com%2Fself-tests%2F&amp;sa=D&amp;sntz=1&amp;usg=AOvVaw1SShe9wC-be3tBptKIxxJT\" target=\"_blank\" rel=\"noreferrer noopener\">https:\/\/richardstep.com\/self-tests\/<\/a><\/li><li><a href=\"https:\/\/www.google.com\/url?q=https%3A%2F%2Fwww.psychologytoday.com%2Fintl%2Ftests&amp;sa=D&amp;sntz=1&amp;usg=AOvVaw18ec3gL0eotUnMzcpOmV34\" target=\"_blank\" rel=\"noreferrer noopener\">https:\/\/www.psychologytoday.com\/intl\/tests<\/a><\/li><li><a href=\"http:\/\/www.google.com\/url?q=http%3A%2F%2Fwww.iluguru.ee%2Ftest%2Feysencks-personality-inventory-epi-extroversionintroversion%2F&amp;sa=D&amp;sntz=1&amp;usg=AOvVaw3Vvs_JHqhkroTX-YrXb0uw\" target=\"_blank\" rel=\"noreferrer noopener\">http:\/\/www.iluguru.ee\/test\/eysencks-personality-inventory-epi-extroversionintroversion\/<\/a><\/li><li><a href=\"https:\/\/www.google.com\/url?q=https%3A%2F%2Fsimilarminds.com%2Feysenck.html&amp;sa=D&amp;sntz=1&amp;usg=AOvVaw1ZOUdvSDwGAQtD3pd80xqv\" target=\"_blank\" rel=\"noreferrer noopener\">https:\/\/similarminds.com\/eysenck.html<\/a><\/li><li><a href=\"https:\/\/www.google.com\/url?q=https%3A%2F%2Fwww.keirsey.com%2F&amp;sa=D&amp;sntz=1&amp;usg=AOvVaw1bZqDZuj3oJ60vBIbva2O0\" target=\"_blank\" rel=\"noreferrer noopener\">https:\/\/www.keirsey.com\/<\/a><\/li><li><a href=\"https:\/\/www.google.com\/url?q=https%3A%2F%2Fmy-personality-test.com%2Fpersonality-type-indicator&amp;sa=D&amp;sntz=1&amp;usg=AOvVaw2pnPZM2UYIP9eWTw3ukmbq\" target=\"_blank\" rel=\"noreferrer noopener\">https:\/\/my-personality-test.com\/personality-type-indicator<\/a><\/li><li><a href=\"https:\/\/www.google.com\/url?q=https%3A%2F%2Fmy-personality-test.com%2Fbig-5&amp;sa=D&amp;sntz=1&amp;usg=AOvVaw38bv9hpzrVtxk7zwTG0Hi-\" target=\"_blank\" rel=\"noreferrer noopener\">https:\/\/my-personality-test.com\/big-5<\/a><\/li><li><a href=\"https:\/\/www.google.com\/url?q=https%3A%2F%2Fmy-personality-test.com%2Flocus-of-control&amp;sa=D&amp;sntz=1&amp;usg=AOvVaw1qHPr9RzRqnYUqLBUBcHfh\" target=\"_blank\" rel=\"noreferrer noopener\">https:\/\/my-personality-test.com\/locus-of-control<\/a><\/li><li><a href=\"https:\/\/www.google.com\/url?q=https%3A%2F%2Fmy-personality-test.com%2Fempathizing-systemizing&amp;sa=D&amp;sntz=1&amp;usg=AOvVaw3fOvelByK-3E8DyLgqICw6\" target=\"_blank\" rel=\"noreferrer noopener\">https:\/\/my-personality-test.com\/empathizing-systemizing<\/a><\/li><\/ul>\n","protected":false},"excerpt":{"rendered":"<p>Exist\u0103 o multitudine de chestionare destinate orient\u0103rii individului c\u0103tre o anumit\u0103 profesie sau domeniu profesional. Aceste chestionare au rezultate orientative. Ele il ajuta pe respondent sa inteleaga mai bine anumite aspecte ale propriei personalitati si sa aleaga in mod constient o cariera. Site-ul EU pentru orientare \u00een carier\u0103: http:\/\/www.career-modules.eu\/ Chestionarul Holland (mai multe informa\u021bii aici:&#8230;<\/p>\n","protected":false},"author":1,"featured_media":235,"parent":66,"menu_order":0,"comment_status":"closed","ping_status":"closed","template":"","meta":{"_kad_post_transparent":"","_kad_post_title":"","_kad_post_layout":"","_kad_post_sidebar_id":"","_kad_post_content_style":"","_kad_post_vertical_padding":"","_kad_post_feature":"","_kad_post_feature_position":"","_kad_post_header":false,"_kad_post_footer":false,"footnotes":""},"class_list":["post-290","page","type-page","status-publish","has-post-thumbnail","hentry"],"yoast_head":"<!-- This site is optimized with the Yoast SEO plugin v24.5 - https:\/\/yoast.com\/wordpress\/plugins\/seo\/ -->\n<title>Chestionare pentru selectarea domeniului profesional \u0219i cunoa\u0219terea personalit\u0103\u021bii - Centrul de Consiliere \u0219i Orientare \u00een Carier\u0103<\/title>\n<meta name=\"robots\" content=\"index, follow, max-snippet:-1, max-image-preview:large, max-video-preview:-1\" \/>\n<link rel=\"canonical\" href=\"http:\/\/ccoc.upg-ploiesti.ro\/?page_id=290\" \/>\n<meta property=\"og:locale\" content=\"en_US\" \/>\n<meta property=\"og:type\" content=\"article\" \/>\n<meta property=\"og:title\" content=\"Chestionare pentru selectarea domeniului profesional \u0219i cunoa\u0219terea personalit\u0103\u021bii - Centrul de Consiliere \u0219i Orientare \u00een Carier\u0103\" \/>\n<meta property=\"og:description\" content=\"Exist\u0103 o multitudine de chestionare destinate orient\u0103rii individului c\u0103tre o anumit\u0103 profesie sau domeniu profesional. Aceste chestionare au rezultate orientative. Ele il ajuta pe respondent sa inteleaga mai bine anumite aspecte ale propriei personalitati si sa aleaga in mod constient o cariera. Site-ul EU pentru orientare \u00een carier\u0103: http:\/\/www.career-modules.eu\/ Chestionarul Holland (mai multe informa\u021bii aici:...\" \/>\n<meta property=\"og:url\" content=\"http:\/\/ccoc.upg-ploiesti.ro\/?page_id=290\" \/>\n<meta property=\"og:site_name\" content=\"Centrul de Consiliere \u0219i Orientare \u00een Carier\u0103\" \/>\n<meta property=\"article:modified_time\" content=\"2022-06-02T11:19:29+00:00\" \/>\n<meta property=\"og:image\" content=\"http:\/\/ccoc.upg-ploiesti.ro\/wp-content\/uploads\/2022\/06\/computer-mac-writing-work-hand-apple-46918-pxhere.com_-scaled.jpg\" \/>\n\t<meta property=\"og:image:width\" content=\"2560\" \/>\n\t<meta property=\"og:image:height\" content=\"1709\" \/>\n\t<meta property=\"og:image:type\" content=\"image\/jpeg\" \/>\n<meta name=\"twitter:card\" content=\"summary_large_image\" \/>\n<meta name=\"twitter:label1\" content=\"Est. reading time\" \/>\n\t<meta name=\"twitter:data1\" content=\"2 minutes\" \/>\n<script type=\"application\/ld+json\" class=\"yoast-schema-graph\">{\"@context\":\"https:\/\/schema.org\",\"@graph\":[{\"@type\":\"WebPage\",\"@id\":\"http:\/\/ccoc.upg-ploiesti.ro\/?page_id=290\",\"url\":\"http:\/\/ccoc.upg-ploiesti.ro\/?page_id=290\",\"name\":\"Chestionare pentru selectarea domeniului profesional \u0219i cunoa\u0219terea personalit\u0103\u021bii - Centrul de Consiliere \u0219i Orientare \u00een Carier\u0103\",\"isPartOf\":{\"@id\":\"http:\/\/ccoc.upg-ploiesti.ro\/#website\"},\"primaryImageOfPage\":{\"@id\":\"http:\/\/ccoc.upg-ploiesti.ro\/?page_id=290#primaryimage\"},\"image\":{\"@id\":\"http:\/\/ccoc.upg-ploiesti.ro\/?page_id=290#primaryimage\"},\"thumbnailUrl\":\"http:\/\/ccoc.upg-ploiesti.ro\/wp-content\/uploads\/2022\/06\/computer-mac-writing-work-hand-apple-46918-pxhere.com_-scaled.jpg\",\"datePublished\":\"2022-06-02T11:14:52+00:00\",\"dateModified\":\"2022-06-02T11:19:29+00:00\",\"breadcrumb\":{\"@id\":\"http:\/\/ccoc.upg-ploiesti.ro\/?page_id=290#breadcrumb\"},\"inLanguage\":\"en-US\",\"potentialAction\":[{\"@type\":\"ReadAction\",\"target\":[\"http:\/\/ccoc.upg-ploiesti.ro\/?page_id=290\"]}]},{\"@type\":\"ImageObject\",\"inLanguage\":\"en-US\",\"@id\":\"http:\/\/ccoc.upg-ploiesti.ro\/?page_id=290#primaryimage\",\"url\":\"http:\/\/ccoc.upg-ploiesti.ro\/wp-content\/uploads\/2022\/06\/computer-mac-writing-work-hand-apple-46918-pxhere.com_-scaled.jpg\",\"contentUrl\":\"http:\/\/ccoc.upg-ploiesti.ro\/wp-content\/uploads\/2022\/06\/computer-mac-writing-work-hand-apple-46918-pxhere.com_-scaled.jpg\",\"width\":2560,\"height\":1709},{\"@type\":\"BreadcrumbList\",\"@id\":\"http:\/\/ccoc.upg-ploiesti.ro\/?page_id=290#breadcrumb\",\"itemListElement\":[{\"@type\":\"ListItem\",\"position\":1,\"name\":\"Home\",\"item\":\"http:\/\/ccoc.upg-ploiesti.ro\/\"},{\"@type\":\"ListItem\",\"position\":2,\"name\":\"Consiliere \u0219i orientare\",\"item\":\"http:\/\/ccoc.upg-ploiesti.ro\/?page_id=66\"},{\"@type\":\"ListItem\",\"position\":3,\"name\":\"Chestionare pentru selectarea domeniului profesional \u0219i cunoa\u0219terea personalit\u0103\u021bii\"}]},{\"@type\":\"WebSite\",\"@id\":\"http:\/\/ccoc.upg-ploiesti.ro\/#website\",\"url\":\"http:\/\/ccoc.upg-ploiesti.ro\/\",\"name\":\"Centrul de Consiliere \u0219i Orientare \u00een Carier\u0103\",\"description\":\"Universitatea Petrol-Gaze din Ploie\u0219ti\",\"potentialAction\":[{\"@type\":\"SearchAction\",\"target\":{\"@type\":\"EntryPoint\",\"urlTemplate\":\"http:\/\/ccoc.upg-ploiesti.ro\/?s={search_term_string}\"},\"query-input\":{\"@type\":\"PropertyValueSpecification\",\"valueRequired\":true,\"valueName\":\"search_term_string\"}}],\"inLanguage\":\"en-US\"}]}<\/script>\n<!-- \/ Yoast SEO plugin. -->","yoast_head_json":{"title":"Chestionare pentru selectarea domeniului profesional \u0219i cunoa\u0219terea personalit\u0103\u021bii - Centrul de Consiliere \u0219i Orientare \u00een Carier\u0103","robots":{"index":"index","follow":"follow","max-snippet":"max-snippet:-1","max-image-preview":"max-image-preview:large","max-video-preview":"max-video-preview:-1"},"canonical":"http:\/\/ccoc.upg-ploiesti.ro\/?page_id=290","og_locale":"en_US","og_type":"article","og_title":"Chestionare pentru selectarea domeniului profesional \u0219i cunoa\u0219terea personalit\u0103\u021bii - Centrul de Consiliere \u0219i Orientare \u00een Carier\u0103","og_description":"Exist\u0103 o multitudine de chestionare destinate orient\u0103rii individului c\u0103tre o anumit\u0103 profesie sau domeniu profesional. Aceste chestionare au rezultate orientative. Ele il ajuta pe respondent sa inteleaga mai bine anumite aspecte ale propriei personalitati si sa aleaga in mod constient o cariera. Site-ul EU pentru orientare \u00een carier\u0103: http:\/\/www.career-modules.eu\/ Chestionarul Holland (mai multe informa\u021bii aici:...","og_url":"http:\/\/ccoc.upg-ploiesti.ro\/?page_id=290","og_site_name":"Centrul de Consiliere \u0219i Orientare \u00een Carier\u0103","article_modified_time":"2022-06-02T11:19:29+00:00","og_image":[{"width":2560,"height":1709,"url":"http:\/\/ccoc.upg-ploiesti.ro\/wp-content\/uploads\/2022\/06\/computer-mac-writing-work-hand-apple-46918-pxhere.com_-scaled.jpg","type":"image\/jpeg"}],"twitter_card":"summary_large_image","twitter_misc":{"Est. reading time":"2 minutes"},"schema":{"@context":"https:\/\/schema.org","@graph":[{"@type":"WebPage","@id":"http:\/\/ccoc.upg-ploiesti.ro\/?page_id=290","url":"http:\/\/ccoc.upg-ploiesti.ro\/?page_id=290","name":"Chestionare pentru selectarea domeniului profesional \u0219i cunoa\u0219terea personalit\u0103\u021bii - Centrul de Consiliere \u0219i Orientare \u00een Carier\u0103","isPartOf":{"@id":"http:\/\/ccoc.upg-ploiesti.ro\/#website"},"primaryImageOfPage":{"@id":"http:\/\/ccoc.upg-ploiesti.ro\/?page_id=290#primaryimage"},"image":{"@id":"http:\/\/ccoc.upg-ploiesti.ro\/?page_id=290#primaryimage"},"thumbnailUrl":"http:\/\/ccoc.upg-ploiesti.ro\/wp-content\/uploads\/2022\/06\/computer-mac-writing-work-hand-apple-46918-pxhere.com_-scaled.jpg","datePublished":"2022-06-02T11:14:52+00:00","dateModified":"2022-06-02T11:19:29+00:00","breadcrumb":{"@id":"http:\/\/ccoc.upg-ploiesti.ro\/?page_id=290#breadcrumb"},"inLanguage":"en-US","potentialAction":[{"@type":"ReadAction","target":["http:\/\/ccoc.upg-ploiesti.ro\/?page_id=290"]}]},{"@type":"ImageObject","inLanguage":"en-US","@id":"http:\/\/ccoc.upg-ploiesti.ro\/?page_id=290#primaryimage","url":"http:\/\/ccoc.upg-ploiesti.ro\/wp-content\/uploads\/2022\/06\/computer-mac-writing-work-hand-apple-46918-pxhere.com_-scaled.jpg","contentUrl":"http:\/\/ccoc.upg-ploiesti.ro\/wp-content\/uploads\/2022\/06\/computer-mac-writing-work-hand-apple-46918-pxhere.com_-scaled.jpg","width":2560,"height":1709},{"@type":"BreadcrumbList","@id":"http:\/\/ccoc.upg-ploiesti.ro\/?page_id=290#breadcrumb","itemListElement":[{"@type":"ListItem","position":1,"name":"Home","item":"http:\/\/ccoc.upg-ploiesti.ro\/"},{"@type":"ListItem","position":2,"name":"Consiliere \u0219i orientare","item":"http:\/\/ccoc.upg-ploiesti.ro\/?page_id=66"},{"@type":"ListItem","position":3,"name":"Chestionare pentru selectarea domeniului profesional \u0219i cunoa\u0219terea personalit\u0103\u021bii"}]},{"@type":"WebSite","@id":"http:\/\/ccoc.upg-ploiesti.ro\/#website","url":"http:\/\/ccoc.upg-ploiesti.ro\/","name":"Centrul de Consiliere \u0219i Orientare \u00een Carier\u0103","description":"Universitatea Petrol-Gaze din Ploie\u0219ti","potentialAction":[{"@type":"SearchAction","target":{"@type":"EntryPoint","urlTemplate":"http:\/\/ccoc.upg-ploiesti.ro\/?s={search_term_string}"},"query-input":{"@type":"PropertyValueSpecification","valueRequired":true,"valueName":"search_term_string"}}],"inLanguage":"en-US"}]}},"_links":{"self":[{"href":"http:\/\/ccoc.upg-ploiesti.ro\/index.php?rest_route=\/wp\/v2\/pages\/290","targetHints":{"allow":["GET"]}}],"collection":[{"href":"http:\/\/ccoc.upg-ploiesti.ro\/index.php?rest_route=\/wp\/v2\/pages"}],"about":[{"href":"http:\/\/ccoc.upg-ploiesti.ro\/index.php?rest_route=\/wp\/v2\/types\/page"}],"author":[{"embeddable":true,"href":"http:\/\/ccoc.upg-ploiesti.ro\/index.php?rest_route=\/wp\/v2\/users\/1"}],"replies":[{"embeddable":true,"href":"http:\/\/ccoc.upg-ploiesti.ro\/index.php?rest_route=%2Fwp%2Fv2%2Fcomments&post=290"}],"version-history":[{"count":3,"href":"http:\/\/ccoc.upg-ploiesti.ro\/index.php?rest_route=\/wp\/v2\/pages\/290\/revisions"}],"predecessor-version":[{"id":295,"href":"http:\/\/ccoc.upg-ploiesti.ro\/index.php?rest_route=\/wp\/v2\/pages\/290\/revisions\/295"}],"up":[{"embeddable":true,"href":"http:\/\/ccoc.upg-ploiesti.ro\/index.php?rest_route=\/wp\/v2\/pages\/66"}],"wp:featuredmedia":[{"embeddable":true,"href":"http:\/\/ccoc.upg-ploiesti.ro\/index.php?rest_route=\/wp\/v2\/media\/235"}],"wp:attachment":[{"href":"http:\/\/ccoc.upg-ploiesti.ro\/index.php?rest_route=%2Fwp%2Fv2%2Fmedia&parent=290"}],"curies":[{"name":"wp","href":"https:\/\/api.w.org\/{rel}","templated":true}]}}